{"id":137,"date":"2017-06-04T09:21:03","date_gmt":"2017-06-04T09:21:03","guid":{"rendered":"http:\/\/www.interlanguage.hu\/english\/?page_id=137"},"modified":"2026-02-17T12:53:01","modified_gmt":"2026-02-17T12:53:01","slug":"portuguese-language-course","status":"publish","type":"page","link":"https:\/\/www.interlanguage.hu\/english\/portuguese-language-course\/","title":{"rendered":"Portuguese Language Course"},"content":{"rendered":"\n<figure class=\"wp-block-image size-full\"><img loading=\"lazy\" width=\"748\" height=\"416\" src=\"https:\/\/www.interlanguage.hu\/english\/wp-content\/uploads\/Kepernyokep-2026-02-17-132510-1.png\" alt=\"\" class=\"wp-image-3266\" srcset=\"https:\/\/www.interlanguage.hu\/english\/wp-content\/uploads\/Kepernyokep-2026-02-17-132510-1.png 748w, https:\/\/www.interlanguage.hu\/english\/wp-content\/uploads\/Kepernyokep-2026-02-17-132510-1-300x167.png 300w\" sizes=\"(max-width: 748px) 100vw, 748px\" \/><\/figure>\n\n\n<p style=\"text-align: justify;\"><strong><span lang=\"en\">Portugese courses online or in classroom<br \/><\/span><\/strong><span lang=\"en\"><strong>Our online trainings<\/strong> are held on a digital platform agreed with the participant(s).<br \/><\/span><span lang=\"en\"><strong>Our classroom trainings<\/strong> take place in the center of Budapes at our language school. <\/span><\/p>\n<p id=\"tw-target-text\" class=\"tw-data-text tw-text-large XcVN5d tw-ta\" dir=\"ltr\" style=\"text-align: justify;\" data-placeholder=\"Ford\u00edt\u00e1s\"><span lang=\"en\"><strong>Course start:<\/strong> <strong>continuously throughout the year<\/strong><br \/>We start our Portugese group language courses throughout the year depending on the number of applicants.<br \/>Our individual Portugese courses start within one week of registration.<\/span><\/p>\n<p id=\"tw-target-text\" class=\"tw-data-text tw-text-large XcVN5d tw-ta\" dir=\"ltr\" style=\"text-align: justify;\" data-placeholder=\"Ford\u00edt\u00e1s\"><span lang=\"en\"><strong>Individual and small group courses<\/strong><br \/>Our Portugese language courses take place within the framework of individual and small group courses (groups of 2 and 3-4 participants).<\/span><\/p>\n<p dir=\"ltr\" style=\"text-align: justify;\" data-placeholder=\"Ford\u00edt\u00e1s\"><strong>Number of\u00a0 lessons<br \/><\/strong><span lang=\"en\">The number of lessons for an Portugese language course module is 24 lessons (24 x 45 minutes) for a group course.<br \/><\/span><\/p>\n<p id=\"tw-target-text\" class=\"tw-data-text tw-text-large XcVN5d tw-ta\" dir=\"ltr\" style=\"text-align: justify;\" data-placeholder=\"Ford\u00edt\u00e1s\"><span lang=\"en\">In the case of an individual Portugese course, the total number of lessons is flexible, it will be determined according to the request of the participant.<br \/><\/span><\/p>\n<p id=\"tw-target-text\" class=\"tw-data-text tw-text-large XcVN5d tw-ta\" dir=\"ltr\" style=\"text-align: justify;\" data-placeholder=\"Ford\u00edt\u00e1s\"><strong>Course schedule<br \/><\/strong><span lang=\"en\">The course schedule for the Portugese language courses is always tailored to the needs of the participant(s). This applies to both our individual and small group courses.<\/span><\/p>\n<p dir=\"ltr\" style=\"text-align: justify;\" data-placeholder=\"Ford\u00edt\u00e1s\"><strong>Levels: <\/strong><strong>from beginner to Advanced (C1)<br \/><\/strong><span lang=\"en\">We offer Portugese language courses from beginner to advanced at the following levels:<br \/>A1, A2, A2+, B1, B1+, B2, B2+, C1, C1+<br \/><\/span><\/p>\n<p dir=\"ltr\" style=\"text-align: justify;\" data-placeholder=\"Ford\u00edt\u00e1s\"><strong>Preliminary assessment test<br \/><\/strong><span lang=\"en\">For non-beginners, Portugese language courses are preceded by a test to assess the current language knowledge of the participant.<br \/><\/span><\/p>\n<p dir=\"ltr\" data-placeholder=\"Ford\u00edt\u00e1s\"><img loading=\"lazy\" class=\"alignnone size-full wp-image-3265\" src=\"https:\/\/www.interlanguage.hu\/english\/wp-content\/uploads\/Kepernyokep-2026-02-17-132344.png\" alt=\"\" width=\"736\" height=\"408\" srcset=\"https:\/\/www.interlanguage.hu\/english\/wp-content\/uploads\/Kepernyokep-2026-02-17-132344.png 736w, https:\/\/www.interlanguage.hu\/english\/wp-content\/uploads\/Kepernyokep-2026-02-17-132344-300x166.png 300w\" sizes=\"(max-width: 736px) 100vw, 736px\" \/><\/p>\n<p dir=\"ltr\" style=\"text-align: justify;\" data-placeholder=\"Ford\u00edt\u00e1s\"><strong>Professional and special Portugese courses<br \/><\/strong><span lang=\"en\">Among our Portugese language courses, we also offer professional language and special Portugese courses, including: <\/span><\/p>\n<p dir=\"ltr\" data-placeholder=\"Ford\u00edt\u00e1s\">Professional Portugese language courses:<\/p>\n<ul>\n<li id=\"tw-target-text\" class=\"tw-data-text tw-text-large XcVN5d tw-ta\" dir=\"ltr\" data-placeholder=\"Ford\u00edt\u00e1s\"><span lang=\"en\">business, economy, commercial, catering industry<br \/><\/span><\/li>\n<\/ul>\n<p>Special Portugese trainings:<\/p>\n<ul>\n<li id=\"tw-target-text\" class=\"tw-data-text tw-text-large XcVN5d tw-ta\" dir=\"ltr\" data-placeholder=\"Ford\u00edt\u00e1s\"><span lang=\"en\">Portugese language exam preparation course <\/span><\/li>\n<li class=\"tw-data-text tw-text-large XcVN5d tw-ta\" dir=\"ltr\" data-placeholder=\"Ford\u00edt\u00e1s\"><span lang=\"en\">Portugese language course for university studies<\/span><\/li>\n<li class=\"tw-data-text tw-text-large XcVN5d tw-ta\" dir=\"ltr\" data-placeholder=\"Ford\u00edt\u00e1s\">preparatory course for an Portugese job interview<\/li>\n<li class=\"tw-data-text tw-text-large XcVN5d tw-ta\" dir=\"ltr\" data-placeholder=\"Ford\u00edt\u00e1s\"><span lang=\"en\">tourist language course for travelers to Portugese-speaking countries<\/span><\/li>\n<li>country studies about Portugal<\/li>\n<\/ul>\n<div class=\"oSioSc\">\n<div id=\"tw-target\">\n<div id=\"kAz1tf\" class=\"g9WsWb\">\n<div id=\"tw-target-text-container\" class=\"tw-ta-container hide-focus-ring tw-nfl\" tabindex=\"0\">\n<p id=\"tw-target-text\" class=\"tw-data-text tw-text-large XcVN5d tw-ta\" dir=\"ltr\" style=\"text-align: justify;\" data-placeholder=\"Ford\u00edt\u00e1s\"><span lang=\"en\"><strong>International groups and individual courses for language learners from all around the world<\/strong><br \/>Our Portugese language courses are regularly attended by international students.<br \/><\/span><span lang=\"en\">In this case, the language of instruction will be chosen in agreement with the participant(s), for example, the lesson may be taught in Spanish, German, etc.<br \/><\/span><\/p>\n<p dir=\"ltr\" style=\"text-align: justify;\" data-placeholder=\"Ford\u00edt\u00e1s\">Upon request we also offer the possibility that the language of instruction during the language courses are in the target language (Portugese).<\/p>\n<\/div>\n<\/div>\n<\/div>\n<\/div>\n<div id=\"tw-target-rmn-container\" class=\"tw-ta-container hide-focus-ring tw-nfl\">\n<p id=\"tw-target-text\" class=\"tw-data-text tw-text-large XcVN5d tw-ta\" dir=\"ltr\" style=\"text-align: justify;\" data-placeholder=\"Ford\u00edt\u00e1s\"><span lang=\"en\"><strong>Corporate Portugese courses<br \/><\/strong>We also organize Portugese language training within the framework of corporate language courses.<\/span><\/p>\n<p dir=\"ltr\" data-placeholder=\"Ford\u00edt\u00e1s\"><strong>Application<\/strong><\/p>\n<div id=\"tw-target-text-container\" class=\"tw-ta-container hide-focus-ring tw-nfl\" tabindex=\"0\">\n<p id=\"tw-target-text\" class=\"tw-data-text tw-text-large XcVN5d tw-ta\" dir=\"ltr\" style=\"text-align: justify;\" data-placeholder=\"Ford\u00edt\u00e1s\"><span lang=\"en\"> Learn Portugese at our language school and enjoy the benefits of your improved language skills in your conversations with your friends, on your travels, at work or during your business meetings!<\/span><\/p>\n<p dir=\"ltr\">You can apply for our courses in person at our customer service office, by phone, or by email from Monday to Thursday between 10:00 a.m. and 5:00 p.m., and on Fridays between 10:00 a.m. and 4:00 p.m.<br \/>Should you wish to visit us in person, our office is conveniently located in the city centre at <span style=\"color: #0000ff;\"><a style=\"color: #0000ff;\" href=\"https:\/\/maps.app.goo.gl\/6wgs3UwBM5MnD17f7\">1056 Budapest, V\u00e1ci Street 47.<\/a><\/span><\/p>\n<p dir=\"ltr\">You can reach us by phone at <span style=\"color: #0000ff;\"><a style=\"color: #0000ff;\" href=\"tel:+36203404411\">+36 20 340 4411<\/a><\/span> or <span style=\"color: #0000ff;\"><a style=\"color: #0000ff;\" href=\"tel:+36202227653\">+36 20 222 7653<\/a><\/span> (also available on Viber and WhatsApp), or by email at<span style=\"color: #0000ff;\"> <a style=\"color: #0000ff;\" href=\"mailto:mail@interlanguage.info\" target=\"_blank\" rel=\"noopener\">mail@interlanguage.info<\/a>.<\/span> Following your enrolment, our course coordination team will contact you and begin preparing the selected training programme.<\/p>\n<p dir=\"ltr\"><img loading=\"lazy\" class=\"alignnone size-full wp-image-3264\" src=\"https:\/\/www.interlanguage.hu\/english\/wp-content\/uploads\/Kepernyokep-2026-02-17-132407.png\" alt=\"\" width=\"747\" height=\"490\" srcset=\"https:\/\/www.interlanguage.hu\/english\/wp-content\/uploads\/Kepernyokep-2026-02-17-132407.png 747w, https:\/\/www.interlanguage.hu\/english\/wp-content\/uploads\/Kepernyokep-2026-02-17-132407-300x197.png 300w\" sizes=\"(max-width: 747px) 100vw, 747px\" \/><\/p>\n<p dir=\"ltr\"><strong>About Portugese language and culture<\/strong><\/p>\n<p><b>Portuguese<\/b><span style=\"font-weight: 400;\"> (<\/span><i><span style=\"font-weight: 400;\">portugu\u00eas<\/span><\/i><span style=\"font-weight: 400;\">) is a global language spoken by over <\/span><b>250 million people<\/b><span style=\"font-weight: 400;\"> as their native tongue. Originating from Portugal, it is now the official language of countries such as <\/span><b>Brazil, Angola, Mozambique, Guinea-Bissau, S\u00e3o Tom\u00e9 and Pr\u00edncipe<\/b><span style=\"font-weight: 400;\">, and also enjoys official status in <\/span><b>East Timor, Equatorial Guinea, Macau, and Cape Verde<\/b><span style=\"font-weight: 400;\">. It is one of the working languages of the <\/span><b>United Nations<\/b><span style=\"font-weight: 400;\"> and the <\/span><b>African Union<\/b><span style=\"font-weight: 400;\">.<\/span><\/p>\n<p><span style=\"font-weight: 400;\">Although <\/span><b>Brazilian Portuguese<\/b><span style=\"font-weight: 400;\"> and <\/span><b>European Portuguese<\/b><span style=\"font-weight: 400;\"> are mutually intelligible in writing, they differ significantly in <\/span><b>pronunciation, intonation, vocabulary, and some grammatical structures<\/b><span style=\"font-weight: 400;\">. For example, Brazilian Portuguese often uses open vowels, while European Portuguese tends to mute final vowels. Despite these differences, communication between the two remains fluent \u2014 just like football legends <\/span><b>Cristiano Ronaldo<\/b><span style=\"font-weight: 400;\"> and <\/span><b>Ronaldinho<\/b><span style=\"font-weight: 400;\"> would have no trouble chatting over a warm bowl of <\/span><b>Caldo Verde<\/b><span style=\"font-weight: 400;\">.<\/span><\/p>\n<p><span style=\"font-weight: 400;\">Portuguese is deeply enriched by its <\/span><b>literary heritage<\/b><span style=\"font-weight: 400;\">. Renowned authors include <\/span><b>Lu\u00eds de Cam\u00f5es<\/b><span style=\"font-weight: 400;\">, who penned the national epic <\/span><i><span style=\"font-weight: 400;\">Os Lus\u00edadas<\/span><\/i><span style=\"font-weight: 400;\">, <\/span><b>Fernando Pessoa<\/b><span style=\"font-weight: 400;\">, one of modernism\u2019s greatest poets, and <\/span><b>Jos\u00e9 Saramago<\/b><span style=\"font-weight: 400;\">, Nobel laureate in Literature. Portuguese literature flourishes across Europe, South America, and Africa.<\/span><\/p>\n<p><img loading=\"lazy\" class=\"alignnone size-full wp-image-3263\" src=\"https:\/\/www.interlanguage.hu\/english\/wp-content\/uploads\/Kepernyokep-2026-02-17-132445.png\" alt=\"\" width=\"746\" height=\"492\" srcset=\"https:\/\/www.interlanguage.hu\/english\/wp-content\/uploads\/Kepernyokep-2026-02-17-132445.png 746w, https:\/\/www.interlanguage.hu\/english\/wp-content\/uploads\/Kepernyokep-2026-02-17-132445-300x198.png 300w\" sizes=\"(max-width: 746px) 100vw, 746px\" \/><\/p>\n<p><span style=\"font-weight: 400;\">In the arts, <\/span><b>fado<\/b><span style=\"font-weight: 400;\">, a traditional genre of Portuguese melancholic song, has been recognized as part of the <\/span><b>UNESCO Intangible Cultural Heritage<\/b><span style=\"font-weight: 400;\">. In Brazil, cultural exports like <\/span><b>samba<\/b><span style=\"font-weight: 400;\">, <\/span><b>bossa nova<\/b><span style=\"font-weight: 400;\">, and modern architecture by <\/span><b>Oscar Niemeyer<\/b><span style=\"font-weight: 400;\"> reflect the vibrancy of Lusophone creativity.<\/span><\/p>\n<p><span style=\"font-weight: 400;\">For travelers seeking to explore hidden gems beyond Lisbon and Porto, the <\/span><b>village of Monsaraz<\/b><span style=\"font-weight: 400;\"> in the <\/span><b>Alentejo region<\/b><span style=\"font-weight: 400;\"> offers a breathtaking experience. Surrounded by <\/span><b>medieval walls<\/b><span style=\"font-weight: 400;\">, this whitewashed hilltop town offers cobbled streets and panoramic views over the <\/span><b>Alqueva reservoir<\/b><span style=\"font-weight: 400;\">.<\/span><\/p>\n<p><span style=\"font-weight: 400;\">A culinary highlight of the region is <\/span><b>a\u00e7orda alentejana<\/b><span style=\"font-weight: 400;\">, a warm garlic, coriander, and olive oil <\/span><b>bread soup<\/b><span style=\"font-weight: 400;\"> topped with poached egg \u2014 rustic, comforting, and full of Alentejo character.<\/span><\/p>\n<\/div>\n<\/div>","protected":false},"excerpt":{"rendered":"<p>Portugese courses online or in classroomOur online trainings are held on a digital platform agreed with the participant(s).Our classroom trainings &hellip; <\/p>\n","protected":false},"author":1,"featured_media":0,"parent":0,"menu_order":0,"comment_status":"closed","ping_status":"closed","template":"","meta":{"om_disable_all_campaigns":false,"_monsterinsights_skip_tracking":false,"_monsterinsights_sitenote_active":false,"_monsterinsights_sitenote_note":"","_monsterinsights_sitenote_category":0,"_uf_show_specific_survey":0,"_uf_disable_surveys":false},"aioseo_notices":[],"_links":{"self":[{"href":"https:\/\/www.interlanguage.hu\/english\/wp-json\/wp\/v2\/pages\/137"}],"collection":[{"href":"https:\/\/www.interlanguage.hu\/english\/wp-json\/wp\/v2\/pages"}],"about":[{"href":"https:\/\/www.interlanguage.hu\/english\/wp-json\/wp\/v2\/types\/page"}],"author":[{"embeddable":true,"href":"https:\/\/www.interlanguage.hu\/english\/wp-json\/wp\/v2\/users\/1"}],"replies":[{"embeddable":true,"href":"https:\/\/www.interlanguage.hu\/english\/wp-json\/wp\/v2\/comments?post=137"}],"version-history":[{"count":23,"href":"https:\/\/www.interlanguage.hu\/english\/wp-json\/wp\/v2\/pages\/137\/revisions"}],"predecessor-version":[{"id":3267,"href":"https:\/\/www.interlanguage.hu\/english\/wp-json\/wp\/v2\/pages\/137\/revisions\/3267"}],"wp:attachment":[{"href":"https:\/\/www.interlanguage.hu\/english\/wp-json\/wp\/v2\/media?parent=137"}],"curies":[{"name":"wp","href":"https:\/\/api.w.org\/{rel}","templated":true}]}}

<figure class="wp-block-image size-full"><img loading="lazy" width="748" height="416" src="https://www.interlanguage.hu/english/wp-content/uploads/Kepernyokep-2026-02-17-132510-1.png" alt="" class="wp-image-3266" srcset="https://www.interlanguage.hu/english/wp-content/uploads/Kepernyokep-2026-02-17-132510-1.png 748w, https://www.interlanguage.hu/english/wp-content/uploads/Kepernyokep-2026-02-17-132510-1-300x167.png 300w" sizes="(max-width: 748px) 100vw, 748px" /></figure>


<p style="text-align: justify;"><strong><span lang="en">Portugese courses online or in classroom<br /></span></strong><span lang="en"><strong>Our online trainings</strong> are held on a digital platform agreed with the participant(s).<br /></span><span lang="en"><strong>Our classroom trainings</strong> take place in the center of Budapes at our language school. </span></p>
<p id="tw-target-text" class="tw-data-text tw-text-large XcVN5d tw-ta" dir="ltr" style="text-align: justify;" data-placeholder="Fordítás"><span lang="en"><strong>Course start:</strong> <strong>continuously throughout the year</strong><br />We start our Portugese group language courses throughout the year depending on the number of applicants.<br />Our individual Portugese courses start within one week of registration.</span></p>
<p id="tw-target-text" class="tw-data-text tw-text-large XcVN5d tw-ta" dir="ltr" style="text-align: justify;" data-placeholder="Fordítás"><span lang="en"><strong>Individual and small group courses</strong><br />Our Portugese language courses take place within the framework of individual and small group courses (groups of 2 and 3-4 participants).</span></p>
<p dir="ltr" style="text-align: justify;" data-placeholder="Fordítás"><strong>Number of  lessons<br /></strong><span lang="en">The number of lessons for an Portugese language course module is 24 lessons (24 x 45 minutes) for a group course.<br /></span></p>
<p id="tw-target-text" class="tw-data-text tw-text-large XcVN5d tw-ta" dir="ltr" style="text-align: justify;" data-placeholder="Fordítás"><span lang="en">In the case of an individual Portugese course, the total number of lessons is flexible, it will be determined according to the request of the participant.<br /></span></p>
<p id="tw-target-text" class="tw-data-text tw-text-large XcVN5d tw-ta" dir="ltr" style="text-align: justify;" data-placeholder="Fordítás"><strong>Course schedule<br /></strong><span lang="en">The course schedule for the Portugese language courses is always tailored to the needs of the participant(s). This applies to both our individual and small group courses.</span></p>
<p dir="ltr" style="text-align: justify;" data-placeholder="Fordítás"><strong>Levels: </strong><strong>from beginner to Advanced (C1)<br /></strong><span lang="en">We offer Portugese language courses from beginner to advanced at the following levels:<br />A1, A2, A2+, B1, B1+, B2, B2+, C1, C1+<br /></span></p>
<p dir="ltr" style="text-align: justify;" data-placeholder="Fordítás"><strong>Preliminary assessment test<br /></strong><span lang="en">For non-beginners, Portugese language courses are preceded by a test to assess the current language knowledge of the participant.<br /></span></p>
<p dir="ltr" data-placeholder="Fordítás"><img loading="lazy" class="alignnone size-full wp-image-3265" src="https://www.interlanguage.hu/english/wp-content/uploads/Kepernyokep-2026-02-17-132344.png" alt="" width="736" height="408" srcset="https://www.interlanguage.hu/english/wp-content/uploads/Kepernyokep-2026-02-17-132344.png 736w, https://www.interlanguage.hu/english/wp-content/uploads/Kepernyokep-2026-02-17-132344-300x166.png 300w" sizes="(max-width: 736px) 100vw, 736px" /></p>
<p dir="ltr" style="text-align: justify;" data-placeholder="Fordítás"><strong>Professional and special Portugese courses<br /></strong><span lang="en">Among our Portugese language courses, we also offer professional language and special Portugese courses, including: </span></p>
<p dir="ltr" data-placeholder="Fordítás">Professional Portugese language courses:</p>
<ul>
<li id="tw-target-text" class="tw-data-text tw-text-large XcVN5d tw-ta" dir="ltr" data-placeholder="Fordítás"><span lang="en">business, economy, commercial, catering industry<br /></span></li>
</ul>
<p>Special Portugese trainings:</p>
<ul>
<li id="tw-target-text" class="tw-data-text tw-text-large XcVN5d tw-ta" dir="ltr" data-placeholder="Fordítás"><span lang="en">Portugese language exam preparation course </span></li>
<li class="tw-data-text tw-text-large XcVN5d tw-ta" dir="ltr" data-placeholder="Fordítás"><span lang="en">Portugese language course for university studies</span></li>
<li class="tw-data-text tw-text-large XcVN5d tw-ta" dir="ltr" data-placeholder="Fordítás">preparatory course for an Portugese job interview</li>
<li class="tw-data-text tw-text-large XcVN5d tw-ta" dir="ltr" data-placeholder="Fordítás"><span lang="en">tourist language course for travelers to Portugese-speaking countries</span></li>
<li>country studies about Portugal</li>
</ul>
<div class="oSioSc">
<div id="tw-target">
<div id="kAz1tf" class="g9WsWb">
<div id="tw-target-text-container" class="tw-ta-container hide-focus-ring tw-nfl" tabindex="0">
<p id="tw-target-text" class="tw-data-text tw-text-large XcVN5d tw-ta" dir="ltr" style="text-align: justify;" data-placeholder="Fordítás"><span lang="en"><strong>International groups and individual courses for language learners from all around the world</strong><br />Our Portugese language courses are regularly attended by international students.<br /></span><span lang="en">In this case, the language of instruction will be chosen in agreement with the participant(s), for example, the lesson may be taught in Spanish, German, etc.<br /></span></p>
<p dir="ltr" style="text-align: justify;" data-placeholder="Fordítás">Upon request we also offer the possibility that the language of instruction during the language courses are in the target language (Portugese).</p>
</div>
</div>
</div>
</div>
<div id="tw-target-rmn-container" class="tw-ta-container hide-focus-ring tw-nfl">
<p id="tw-target-text" class="tw-data-text tw-text-large XcVN5d tw-ta" dir="ltr" style="text-align: justify;" data-placeholder="Fordítás"><span lang="en"><strong>Corporate Portugese courses<br /></strong>We also organize Portugese language training within the framework of corporate language courses.</span></p>
<p dir="ltr" data-placeholder="Fordítás"><strong>Application</strong></p>
<div id="tw-target-text-container" class="tw-ta-container hide-focus-ring tw-nfl" tabindex="0">
<p id="tw-target-text" class="tw-data-text tw-text-large XcVN5d tw-ta" dir="ltr" style="text-align: justify;" data-placeholder="Fordítás"><span lang="en"> Learn Portugese at our language school and enjoy the benefits of your improved language skills in your conversations with your friends, on your travels, at work or during your business meetings!</span></p>
<p dir="ltr">You can apply for our courses in person at our customer service office, by phone, or by email from Monday to Thursday between 10:00 a.m. and 5:00 p.m., and on Fridays between 10:00 a.m. and 4:00 p.m.<br />Should you wish to visit us in person, our office is conveniently located in the city centre at <span style="color: #0000ff;"><a style="color: #0000ff;" href="https://maps.app.goo.gl/6wgs3UwBM5MnD17f7">1056 Budapest, Váci Street 47.</a></span></p>
<p dir="ltr">You can reach us by phone at <span style="color: #0000ff;"><a style="color: #0000ff;" href="tel:+36203404411">+36 20 340 4411</a></span> or <span style="color: #0000ff;"><a style="color: #0000ff;" href="tel:+36202227653">+36 20 222 7653</a></span> (also available on Viber and WhatsApp), or by email at<span style="color: #0000ff;"> <a style="color: #0000ff;" href="mailto:mail@interlanguage.info" target="_blank" rel="noopener">mail@interlanguage.info</a>.</span> Following your enrolment, our course coordination team will contact you and begin preparing the selected training programme.</p>
<p dir="ltr"><img loading="lazy" class="alignnone size-full wp-image-3264" src="https://www.interlanguage.hu/english/wp-content/uploads/Kepernyokep-2026-02-17-132407.png" alt="" width="747" height="490" srcset="https://www.interlanguage.hu/english/wp-content/uploads/Kepernyokep-2026-02-17-132407.png 747w, https://www.interlanguage.hu/english/wp-content/uploads/Kepernyokep-2026-02-17-132407-300x197.png 300w" sizes="(max-width: 747px) 100vw, 747px" /></p>
<p dir="ltr"><strong>About Portugese language and culture</strong></p>
<p><b>Portuguese</b><span style="font-weight: 400;"> (</span><i><span style="font-weight: 400;">português</span></i><span style="font-weight: 400;">) is a global language spoken by over </span><b>250 million people</b><span style="font-weight: 400;"> as their native tongue. Originating from Portugal, it is now the official language of countries such as </span><b>Brazil, Angola, Mozambique, Guinea-Bissau, São Tomé and Príncipe</b><span style="font-weight: 400;">, and also enjoys official status in </span><b>East Timor, Equatorial Guinea, Macau, and Cape Verde</b><span style="font-weight: 400;">. It is one of the working languages of the </span><b>United Nations</b><span style="font-weight: 400;"> and the </span><b>African Union</b><span style="font-weight: 400;">.</span></p>
<p><span style="font-weight: 400;">Although </span><b>Brazilian Portuguese</b><span style="font-weight: 400;"> and </span><b>European Portuguese</b><span style="font-weight: 400;"> are mutually intelligible in writing, they differ significantly in </span><b>pronunciation, intonation, vocabulary, and some grammatical structures</b><span style="font-weight: 400;">. For example, Brazilian Portuguese often uses open vowels, while European Portuguese tends to mute final vowels. Despite these differences, communication between the two remains fluent — just like football legends </span><b>Cristiano Ronaldo</b><span style="font-weight: 400;"> and </span><b>Ronaldinho</b><span style="font-weight: 400;"> would have no trouble chatting over a warm bowl of </span><b>Caldo Verde</b><span style="font-weight: 400;">.</span></p>
<p><span style="font-weight: 400;">Portuguese is deeply enriched by its </span><b>literary heritage</b><span style="font-weight: 400;">. Renowned authors include </span><b>Luís de Camões</b><span style="font-weight: 400;">, who penned the national epic </span><i><span style="font-weight: 400;">Os Lusíadas</span></i><span style="font-weight: 400;">, </span><b>Fernando Pessoa</b><span style="font-weight: 400;">, one of modernism’s greatest poets, and </span><b>José Saramago</b><span style="font-weight: 400;">, Nobel laureate in Literature. Portuguese literature flourishes across Europe, South America, and Africa.</span></p>
<p><img loading="lazy" class="alignnone size-full wp-image-3263" src="https://www.interlanguage.hu/english/wp-content/uploads/Kepernyokep-2026-02-17-132445.png" alt="" width="746" height="492" srcset="https://www.interlanguage.hu/english/wp-content/uploads/Kepernyokep-2026-02-17-132445.png 746w, https://www.interlanguage.hu/english/wp-content/uploads/Kepernyokep-2026-02-17-132445-300x198.png 300w" sizes="(max-width: 746px) 100vw, 746px" /></p>
<p><span style="font-weight: 400;">In the arts, </span><b>fado</b><span style="font-weight: 400;">, a traditional genre of Portuguese melancholic song, has been recognized as part of the </span><b>UNESCO Intangible Cultural Heritage</b><span style="font-weight: 400;">. In Brazil, cultural exports like </span><b>samba</b><span style="font-weight: 400;">, </span><b>bossa nova</b><span style="font-weight: 400;">, and modern architecture by </span><b>Oscar Niemeyer</b><span style="font-weight: 400;"> reflect the vibrancy of Lusophone creativity.</span></p>
<p><span style="font-weight: 400;">For travelers seeking to explore hidden gems beyond Lisbon and Porto, the </span><b>village of Monsaraz</b><span style="font-weight: 400;"> in the </span><b>Alentejo region</b><span style="font-weight: 400;"> offers a breathtaking experience. Surrounded by </span><b>medieval walls</b><span style="font-weight: 400;">, this whitewashed hilltop town offers cobbled streets and panoramic views over the </span><b>Alqueva reservoir</b><span style="font-weight: 400;">.</span></p>
<p><span style="font-weight: 400;">A culinary highlight of the region is </span><b>açorda alentejana</b><span style="font-weight: 400;">, a warm garlic, coriander, and olive oil </span><b>bread soup</b><span style="font-weight: 400;"> topped with poached egg — rustic, comforting, and full of Alentejo character.</span></p>
</div>
</div>
